*i + 252. Give g(47).
1521
Let l(d) = -34*d**2 + 1586*d + 587. Give l(47).
23
Let x(p) = 13230*p - 158747. Give x(12).
13
Let u(s) = -13*s**2 - 66*s + 10752. Calculate u(-31).
305
Let n(z) = z**2 - 475*z - 155671. Calculate n(-223).
-17
Let d(w) = 354*w - 3824. What is d(9)?
-638
Let o(p) = -21*p**3 - 36*p**2 - 107*p - 20. What is o(-3)?
544
Let y(o) = o**3 + 19*o**2 + 18*o + 531. What is y(-20)?
-229
Let d(p) = p**3 + 800*p**2 - 22328*p + 824. Give d(-827).
-3
Let f(b) = 518152*b - 518197. Calculate f(1).
-45
Let p(f) = -f**3 + 99*f**2 + 102*f + 289. Determine p(100).
489
Let b(d) = -2*d**2 + 2865*d + 51757. Give b(-18).
-461
Let c(v) = -533*v + 93881. What is c(176)?
73
Let o(b) = 9*b**2 - 1587*b + 59461. What is o(54)?
7
Let d(b) = b**3 + 308*b**2 - 930*b + 841. What is d(-311)?
-92
Let j(g) = g**2 - 446*g + 22195. Give j(57).
22
Let s(g) = -74425*g + 9675241. What is s(130)?
-9
Let v(i) = -5*i**2 - 171*i + 317. Determine v(-27).
1289
Let l(x) = -x**3 + 91*x**2 - 357*x + 8174. Calculate l(88).
-10
Let v(r) = -3*r**3 + 736*r**2 - 27660*r - 290. Determine v(199).
-91
Let j(i) = 5849*i - 73241. Give j(12).
-3053
Let r(o) = 14*o**2 + 79*o - 3398. Determine r(13).
-5
Let f(g) = -g**3 - 234*g**2 - 353*g - 27967. Give f(-233).
-7
Let u(a) = -2*a**2 - 189*a + 53355. Determine u(-217).
190
Let c(y) = -3768473*y + 41453194. Give c(11).
-9
Let b(t) = -5*t + 677. Determine b(80).
277
Let g(x) = -239*x - 60094. Calculate g(-253).
373
Let d(b) = -120*b**3 + 3119*b**2 + 24*b + 66. What is d(26)?
14
Let s(p) = -p**3 - 80*p**2 - 1525*p - 324. Give s(-49).
-30
Let h(s) = 22428*s + 2422218. What is h(-108)?
-6
Let k(t) = 32*t**2 - 253*t + 471. Give k(3).
0
Let h(t) = -t**2 + 378*t - 24051. What is h(81)?
6
Let g(d) = 1899*d - 24676. Determine g(13).
11
Let j(f) = 35*f**2 + 672*f + 17. What is j(-17)?
-1292
Let k(m) = -4*m**2 - 2543*m - 7591. Calculate k(-3).
2
Let b(a) = a**2 - 428*a + 30691. Give b(337).
24
Let x(q) = 7*q**2 + 2495*q - 5557. Determine x(-359).
905
Let u(i) = 2*i**3 - 213*i - 738. Determine u(0).
-738
Let f(p) = -2*p**3 - 61*p**2 - 12*p + 551. What is f(-30)?
11
Let q(d) = -214*d - 21201. What is q(-81)?
-3867
Let r(p) = -298*p**2 - 2445*p + 1441. Give r(-9).
-692
Let j(c) = -20909*c - 543629. What is j(-26)?
5
Let m(f) = -16004871*f + 32009748. Give m(2).
6
Let f(r) = -2*r**2 - 56*r + 806. Give f(10).
46
Let n(y) = -y**3 - 52*y**2 + 12*y + 169. Calculate n(-52).
-455
Let l(v) = -v**3 + 19*v**2 + 111*v - 2188. Calculate l(15).
377
Let o(w) = -10*w**2 + 3190*w - 99402. Determine o(35).
-2
Let r(z) = -z**2 - 322*z + 5279. Determine r(16).
-129
Let p(z) = -2372*z - 22776. What is p(-9)?
-1428
Let s(j) = 5*j**2 - 519*j - 9721. What is s(120)?
-1
Let x(v) = -224*v**2 - 17928*v - 641. Calculate x(-80).
-1
Let j(w) = 97776*w + 195856. What is j(-2)?
304
Let u(x) = -x**3 + 112*x**2 - 294*x - 4404. Determine u(8).
-100
Let w(g) = 109*g + 8. Determine w(29).
3169
Let h(f) = 332*f + 4883. Give h(-13).
567
Let h(a) = a**3 - 30*a**2 + 2561*a - 118443. What is h(40)?
-3
Let g(f) = 6*f**2 - 553*f - 10103. Determine g(-17).
1032
Let k(d) = 192*d**2 - 5206*d - 38157. Determine k(-6).
-9
Let m(q) = -q**3 + 37*q**2 - 118*q + 135. Determine m(33).
597
Let o(j) = -3*j**2 - 40*j + 264. Calculate o(-17).
77
Let b(l) = -l**2 + 122*l + 14435. Give b(-73).
200
Let h(v) = -4*v**2 - 1181*v - 38617. Give h(-258).
-175
Let w(t) = t**3 + 206*t**2 + 4049*t + 16. Calculate w(-22).
-6
Let a(q) = -8201*q - 204812. Calculate a(-25).
213
Let t(s) = -22*s**3 - 5*s**2 - 57*s - 85. Determine t(-2).
185
Let g(d) = 8758*d + 963363. Calculate g(-110).
-17
Let n(i) = -i**3 - 15*i**2 - 342*i - 7922. Give n(-19).
20
Let y(o) = o**2 - 31*o - 41. Determine y(38).
225
Let c(m) = -m**3 + 32*m**2 - 157*m + 27. Give c(26).
1
Let m(r) = r**3 + 17*r**2 - 252*r + 423. Calculate m(2).
-5
Let p(v) = v**3 + 58*v**2 - 1221*v - 9160. Give p(-73).
38
Let v(m) = 202*m**2 - 8278*m - 187. Determine v(41).
-23
Let q(l) = -982*l - 27500. Give q(-28).
-4
Let h(i) = -2785*i - 66558. Give h(-24).
282
Let f(g) = -g**2 + 40*g + 178. What is f(-4)?
2
Let m(h) = 5*h**3 + 7*h**2 + 81*h - 270. Determine m(3).
171
Let l(t) = t**3 - 24*t**2 + 67*t - 2067. Determine l(21).
-1983
Let h(u) = 1967*u + 58938. What is h(-30)?
-72
Let a(q) = -q**3 + 6*q**2 + 134*q - 1169. What is a(11)?
-300
Let v(w) = 5*w**2 - 2617*w - 26181. What is v(-10)?
489
Let h(r) = 3688181*r + 22129105. What is h(-6)?
19
Let c(f) = -70777*f - 495424. Determine c(-7).
15
Let y(x) = 4*x**3 + 14*x**2 + 778*x + 3152. Calculate y(-4).
8
Let q(t) = -69*t**2 - 130*t - 879. Determine q(-7).
-3350
Let r(o) = o**2 + 452*o - 889. Calculate r(2).
19
Let d(m) = 467*m - 16531. What is d(36)?
281
Let v(i) = 219*i**2 + 102720*i + 4208. What is v(-469)?
-13
Let h(o) = -161*o**2 - 34131*o + 548. Give h(-212).
336
Let s(q) = -2*q**2 + 19259*q - 134700. What is s(7)?
15
Let o(r) = -r**3 + 33*r**2 + 16*r - 382. Determine o(33).
146
Let c(k) = -k**3 + 72*k**2 + 156*k + 5093. What is c(75)?
-82
Let x(v) = 2*v**2 + 310538*v + 2484168. What is x(-8)?
-8
Let s(k) = -5*k**3 - 822*k**2 - 5052*k + 679. Calculate s(-158).
47
Let h(r) = -33*r**3 - 53*r**2 - 164*r - 21. What is h(-3)?
885
Let r(u) = -u**2 + 1109*u - 34421. Calculate r(32).
43
Let f(o) = 2*o**3 + 9*o**2 - 354*o + 303. Give f(14).
2599
Let h(q) = -2*q**3 + 11*q**2 + 15*q + 92. What is h(8)?
-108
Let o(f) = 15*f**2 + 205*f + 279. Give o(-13).
149
Let q(w) = 4354*w - 74103. Calculate q(17).
-85
Let q(g) = -2*g**2 + 1675*g + 1920910. Determine q(-647).
-33
Let o(a) = 19064*a + 190781. Give o(-10).
141
Let u(l) = -23*l**2 - 30*l + 878. Determine u(-9).
-715
Let a(n) = -98*n - 3386. Give a(6).
-3974
Let y(c) = 361*c + 17999. Calculate y(-50).
-51
Let m(g) = 9613*g - 124975. Determine m(13).
-6
Let t(r) = -1026*r - 25771. Give t(-25).
-121
Let x(d) = 893*d**2 - 26786*d - 121. Calculate x(30).
-1
Let u(j) = -17*j**2 - 6622*j - 10083. What is u(-388)?
5
Let s(b) = -8936*b - 232342. Give s(-26).
-6
Let w(y) = y**2 - 68669*y - 2198439. Give w(-32).
-7
Let b(d) = d**3 - 9*d**2 - 3434*d + 13805. Give b(4).
-11
Let j(v) = 1157*v + 23775. Calculate j(-19).
1792
Let v(f) = -24*f**2 + 18585*f - 92304. Calculate v(5).
21
Let t(l) = l**3 - 49*l**2 + 247*l + 468. Calculate t(43).
-5
Let f(m) = 1387052*m - 6. Give f(0).
-6
Let n(j) = -311*j**2 - 7773*j - 56. Determine n(-25).
-106
Let r(f) = 4188*f + 3702187. Calculate r(-884).
-5
Let y(x) = 199*x + 15317. What is y(-83)?
-1200
Let w(h) = -h**2 + 919*h - 114130. What is w(148)?
-22
Let q(v) = 850527*v + 1701066. Determine q(-2).
12
Let s(w) = 109894*w + 1868312. Calculate s(-17).
114
Let y(g) = -466*g - 210. Give y(2).
-1142
Let x(f) = f**2 - 420*f + 17024. Determine x(49).
-1155
Let a(x) = -x**2 - 8*x + 8987. Calculate a(-99).
-22
Let o(r) = 314*r**2 + 927*r + 1810. What is o(-2)?
1212
Let a(t) = -t**3 + 24*t**2 + 57*t + 329. What is a(26)?
459
Let x(o) = o**3 - 310*o**2 - 276*o - 12826. What is x(311)?
-1941
Let c(i) = -i**2 - 435*i - 46855. Determine c(-194).
-101
Let m(j) = 16802*j - 11257334. Give m(670).
6
Let h(s) = s**3 + 285*s**2 + 1413*s + 3540. Give h(-280).
-100
Let m(v) = v**3 - 60*v**2 + 883*v - 208. What is m(25)?
-8
Let f(s) = 158*s**2 - 537*s - 11518. What is f(-7)?
-17
Let g(s) = 1543*s**2 - 9247*s - 101. Give g(6).
-35
Let h(b) = -446*b - 44773. Give h(-93).
-3295
Let l(s) = -37*s**3 - 199*s**2 - 15*s - 94. What is l(-5)?
-369
Let z(a) = 3408*a - 408995. Give z(120).
-35
Let q(r) = 3*r**3 + 154*r**2 - 133*r - 1435. Determine q(-52).
73
Let u(a) = 176150*a - 27831702. What is u(158)?
-2
Let a(g) = -153*g**2 - 158*g - 11. Give a(5).
-4626
Let v(m) = 3428*m + 75405. Determine v(-22).
-11
Let r(f) = 5*f**3 - 142*f**2 + 586*f - 25. Calculate r(24).
1367
Let y(o) = 5*o**2 - 1347*o + 32775. What is y(27)?
51
Let q(y) = 523*y + 18471. What is q(-34)?
689
Let o(s) = 3*s**2 - 122*s - 2009. What is o(42)?
-1841
Let f(u) = -341*u**2 - 628401*u + 114261. What is f(-1843)?
-5
Let h(b) = -1608*b**2 - 38587*b + 166. Determine h(-24).
46
Let c(k) = -k**3 - 1212*k**2 - 21500*k - 158. Give c(-18).
-14
Let t(l) = -264*l**2 + 1823*l + 15. What is t(7)?
-160
Let t(o) = -o**3 + 25*o**2 - 188*o + 119. Give t(13).
-297
Let d(m) = 39*m**3 - 3234*m**2 - 241*m - 663. What is d(83)?
1
Let s